divisor of 13605 and 714657045?
13605
Calculate the greatest common divisor of 630 and 619979640.
210
Calculate the highest common divisor of 49704161 and 9031.
821
What is the highest common divisor of 76 and 4626651278?
38
Calculate the highest common factor of 970812252 and 2556.
2556
Calculate the highest common factor of 8019 and 9321642.
891
What is the greatest common divisor of 476 and 4388516?
68
Calculate the greatest common factor of 3066755395 and 1067.
1067
Calculate the greatest common divisor of 141115 and 25217.
167
Calculate the greatest common divisor of 272202625 and 9326.
4663
What is the greatest common factor of 973661 and 1586?
13
What is the greatest common factor of 25752 and 143079?
111
Calculate the greatest common factor of 92497 and 10183.
17
What is the greatest common divisor of 10149 and 15708?
51
What is the greatest common factor of 113500 and 15614195?
1135
What is the highest common factor of 4516182 and 2750?
22
Calculate the highest common factor of 78652091 and 7.
7
What is the greatest common divisor of 42250 and 863590?
1690
Calculate the highest common factor of 84 and 216906942.
42
What is the highest common factor of 116 and 2165923?
29
What is the greatest common divisor of 393 and 3000003?
3
What is the greatest common factor of 10655 and 7845?
5
Calculate the highest common divisor of 532215 and 142875.
45
What is the greatest common factor of 45847 and 77387?
19
Calculate the highest common factor of 280 and 449960.
280
What is the greatest common divisor of 51 and 163675167?
51
What is the highest common divisor of 93376 and 763057?
1459
What is the highest common divisor of 223693745 and 6325?
1265
What is the highest common factor of 5668 and 1606769?
109
Calculate the greatest common divisor of 135120 and 1218.
6
What is the highest common factor of 28830 and 324818?
1922
What is the greatest common factor of 72 and 1563752?
8
Calculate the greatest common divisor of 4830 and 20371330.
1610
What is the highest common divisor of 24423448 and 136?
8
What is the highest common divisor of 19500789 and 406?
203
What is the highest common divisor of 1131 and 2581033?
13
Calculate the greatest common divisor of 742304 and 344.
8
What is the greatest common divisor of 5352753 and 1961?
37
Calculate the greatest common divisor of 10176 and 36128192.
3392
What is the greatest common factor of 4264079 and 267?
89
Calculate the greatest common divisor of 21468477 and 2994.
1497
What is the highest common divisor of 16799 and 2306813?
107
Calculate the highest common divisor of 877950 and 25.
25
Calculate the greatest common factor of 3990 and 220514.
266
What is the highest common divisor of 2970 and 1098585?
45
Calculate the greatest common factor of 84099 and 43877.
17
Calculate the highest common factor of 125 and 587350.
25
What is the greatest common divisor of 99850 and 263150?
50
Calculate the greatest common divisor of 95 and 221644557.
19
Calculate the highest common factor of 36 and 25658118.
18
Calculate the greatest common factor of 91 and 57788.
1
What is the highest common divisor of 10729119 and 6?
3
What is the greatest common divisor of 2133115 and 10485?
1165
What is the greatest common factor of 98138980 and 220?
20
What is the greatest common factor of 85896 and 4182264?
72
Calculate the greatest common divisor of 9477 and 17118621.
3159
Calculate the highest common factor of 1095819 and 141.
3
What is the greatest common divisor of 720384 and 132258?
2814
What is the greatest common factor of 27 and 601719?
3
What is the greatest common divisor of 14925325 and 542?
271
What is the greatest common factor of 8525 and 34012?
11
What is the greatest common divisor of 254 and 491587282?
254
Calculate the highest common divisor of 5995 and 111375.
55
What is the greatest common factor of 3288 and 194133932?
548
What is the greatest common factor of 102 and 434442174?
102
What is the highest common divisor of 20 and 1291714900?
20
What is the greatest common factor of 28152 and 253785588?
4692
Calculate the greatest common divisor of 19716204 and 555771.
9111
Calculate the greatest common divisor of 857 and 15692527.
857
What is the highest common factor of 7858800 and 1300?
100
What is the greatest common factor of 6375674 and 1314?
146
Calculate the greatest common divisor of 3296 and 8125464.
824
Calculate the highest common factor of 96069651 and 1023.
93
Calculate the greatest common divisor of 1480974 and 6384.
114
Calculate the highest common divisor of 3040454 and 1.
1
What is the greatest common factor of 4180 and 4094652?
76
Calculate the highest common factor of 4095 and 33257511.
63
Calculate the greatest common divisor of 99792 and 10857.
231
What is the highest common factor of 4644 and 1823028?
516
What is the greatest common divisor of 17934 and 910812?
294
What is the greatest common factor of 813918 and 49?
7
Calculate the greatest common factor of 186471300 and 6800.
1700
Calculate the highest common divisor of 50337 and 195708.
141
What is the greatest common factor of 42187869 and 18?
9
Calculate the greatest common divisor of 50 and 159148425.
25
Calculate the greatest common divisor of 78 and 42218826.
78
What is the greatest common divisor of 954380 and 430640?
140
What is the greatest common factor of 3008750 and 464?
58
What is the greatest common divisor of 25237878 and 1107?
123
Calculate the highest common divisor of 7557299 and 136.
17
Calculate the highest common divisor of 6972 and 2023.
7
What is the highest common divisor of 201741845 and 673?
673
Calculate the greatest common factor of 3920 and 65709616.
112
Calculate the highest common factor of 390 and 8619455.
65
What is the greatest common divisor of 15523440 and 49194?
5466
Calculate the highest common divisor of 187 and 10330441.
187
What is the greatest common divisor of 13264 and 77921026?
1658
Calculate the greatest common divisor of 899803 and 1532976.
293
Calculate the greatest common divisor of 22518 and 1985754.
834
What is the greatest common divisor of 65 and 370329635?
65
What is the greatest common factor of 1962529993 and 23?
23
Calculate the highest common factor of 2050 and 20171.
1
Calculate the highest common factor of 4531657 and 616044.
4667
What is the greatest common divisor of 3264 and 24163392?
3264
What is the greatest common factor of 20165516 and 28?
28
Calculate the highest common factor of 48598095 and 1365.
1365
What is the greatest common factor of 11716 and 38899342?
202
What is the highest common factor of 4050432 and 99840?
1536
What is the highest common factor of 30580905 and 15?
15
What is the highest common factor of 101748701 and 3353?
479
What is the highest common factor of 63619479 and 242?
11
Calculate the greatest common divisor of 6812 and 808691.
13
Calculate the highest common divisor of 214318410 and 870.
870
Calculate the highest common divisor of 48 and 31982096.
16
Calculate the highest common divisor of 112114 and 118204.
58
Calculate the highest common factor of 3710424 and 150096.
1272
Calculate the greatest common factor of 700757264 and 112.
16
What is the highest common divisor of 31754 and 166?
2
What is the highest common factor of 72 and 735156?
36
What is the highest common factor of 556668364 and 868?
868
Calculate the greatest common divisor of 297540 and 476760.
1740
Calculate the greatest common factor of 28710872 and 16.
8
Calculate the highest common divisor of 13286 and 5796419.
73
Calculate the highest common divisor of 3075 and 1170263.
41
What is the greatest common divisor of 2165985 and 2745?
45
Calculate the highest common divisor of 601165 and 605.
5
Calculate the greatest common divisor of 8361 and 2267442.
9
What is the highest common divisor of 1300 and 418444?
52
What is the highest common divisor of 85 and 18656021?
17
What is the greatest common factor of 10044734 and 3464?
866
Calculate the greatest common divisor of 103740 and 15540.
420
What is the highest common factor of 461 and 328149020?
461
Calculate the highest common factor of 12117430 and 11050.
2210
What is the greatest common factor of 44 and 53565886?
22
Calculate the greatest common divisor of 12235462 and 6609.
2203
What is the greatest common divisor 